e greatest common factor of 337 and 4078037.
337
What is the highest common divisor of 132397528 and 107880?
7192
What is the highest common divisor of 8288 and 94236632?
2072
Calculate the greatest common divisor of 141 and 413587639.
47
Calculate the greatest common factor of 289872 and 217008.
1584
What is the greatest common divisor of 54662586 and 594?
66
Calculate the greatest common factor of 21228 and 118584.
732
What is the greatest common factor of 6222 and 9876?
6
Calculate the highest common divisor of 442008566 and 4430.
886
What is the highest common divisor of 294 and 274724814?
42
Calculate the highest common factor of 71485687 and 17008.
1063
Calculate the highest common factor of 579 and 13016499.
579
What is the highest common factor of 1088 and 513008?
16
What is the greatest common divisor of 152848 and 12464?
656
What is the greatest common factor of 51792 and 12386256?
3984
What is the highest common divisor of 548156889 and 27?
27
What is the highest common factor of 6144 and 294174720?
6144
Calculate the highest common factor of 41540138 and 1665733.
14741
What is the highest common divisor of 21860 and 147093754?
2186
What is the greatest common factor of 187670 and 11572820?
490
What is the greatest common divisor of 474210 and 31135?
2395
Calculate the greatest common divisor of 1298837 and 1481.
1481
What is the greatest common factor of 4311 and 87303977?
479
What is the highest common divisor of 2269198 and 30363?
349
What is the greatest common divisor of 24033680 and 335885?
1705
What is the greatest common divisor of 40 and 9561980?
20
Calculate the greatest common divisor of 602 and 439180.
14
What is the greatest common divisor of 585424560 and 8?
8
What is the highest common factor of 1532035560 and 20?
20
Calculate the highest common divisor of 15337281 and 6324.
1581
Calculate the greatest common factor of 61010327 and 7.
7
What is the greatest common divisor of 6620 and 589706290?
3310
What is the greatest common factor of 909 and 1580526?
9
Calculate the greatest common divisor of 986 and 304874651.
493
Calculate the greatest common divisor of 2835 and 8375010.
105
Calculate the greatest common divisor of 15509556 and 648.
324
Calculate the highest common factor of 84805885 and 30.
5
Calculate the highest common factor of 39846048 and 54417.
3201
What is the highest common divisor of 19 and 18083402?
19
Calculate the highest common divisor of 100 and 897290.
10
What is the highest common factor of 37458360 and 162?
18
What is the greatest common factor of 178946195 and 37075?
7415
Calculate the greatest common factor of 1752 and 1360209.
219
Calculate the highest common factor of 6744 and 15933543.
843
What is the highest common factor of 2764731 and 1356018?
3513
Calculate the greatest common divisor of 3 and 2059731.
3
What is the highest common divisor of 726 and 7605246?
66
Calculate the highest common factor of 273 and 26138294.
91
Calculate the greatest common factor of 6084870 and 176.
22
Calculate the highest common divisor of 150 and 53076825.
75
What is the greatest common divisor of 3 and 4740971?
1
What is the highest common factor of 1438828 and 323348?
1412
Calculate the greatest common factor of 117508448 and 31232.
1952
What is the highest common factor of 35865247 and 35409?
407
Calculate the highest common factor of 30736 and 7985597.
1921
Calculate the greatest common factor of 97451057 and 4180.
209
What is the highest common factor of 361725 and 318591?
273
Calculate the highest common factor of 10 and 49024715.
5
What is the highest common factor of 107767 and 1378751?
1111
Calculate the greatest common factor of 82693741 and 417.
139
Calculate the highest common divisor of 1339600 and 26928.
272
What is the highest common factor of 35459720 and 500?
20
What is the highest common divisor of 806710 and 125?
5
Calculate the greatest common factor of 397342132 and 22341.
7447
Calculate the greatest common divisor of 400 and 151680.
80
Calculate the greatest common divisor of 298 and 93907250.
298
Calculate the greatest common divisor of 1984 and 9542420.
124
Calculate the highest common divisor of 144 and 361648.
16
What is the greatest common factor of 2016696 and 120?
24
What is the greatest common divisor of 763302 and 3117?
3
Calculate the greatest common divisor of 6908466 and 10836.
258
Calculate the highest common divisor of 26 and 306745426.
26
What is the highest common divisor of 5258 and 123398?
22
What is the greatest common factor of 6402 and 41960163?
291
Calculate the greatest common factor of 6282 and 39199680.
6282
Calculate the highest common factor of 3487 and 1024243484.
3487
Calculate the highest common factor of 1632 and 308655264.
1632
What is the highest common factor of 135685 and 22990?
55
What is the highest common divisor of 234318 and 83144634?
4782
What is the greatest common factor of 5570 and 374799730?
5570
What is the highest common factor of 11539 and 169279?
11
Calculate the greatest common divisor of 6223980 and 171129.
609
Calculate the highest common factor of 280832 and 160.
32
Calculate the highest common factor of 935 and 3009017.
187
Calculate the highest common divisor of 58088 and 3573508.
548
Calculate the highest common divisor of 14052465 and 196245.
2205
What is the greatest common divisor of 11052204 and 688?
172
What is the highest common divisor of 112167 and 1359?
9
Calculate the greatest common divisor of 1279 and 103265181.
1279
What is the greatest common divisor of 608012400 and 3560?
3560
What is the greatest common factor of 2523500 and 1220100?
4900
Calculate the greatest common factor of 408768 and 94592.
64
Calculate the highest common factor of 226584 and 696.
24
What is the highest common divisor of 38420 and 164492?
68
What is the greatest common divisor of 313 and 157630243?
313
Calculate the greatest common divisor of 7338 and 58926586.
2446
Calculate the greatest common divisor of 10550250 and 120.
30
Calculate the greatest common divisor of 9995475 and 482.
241
What is the highest common divisor of 297 and 170140113?
99
Calculate the highest common factor of 10554680 and 1190.
10
Calculate the greatest common factor of 540 and 66409092.
108
Calculate the highest common factor of 19738917 and 1155.
33
What is the highest common factor of 33389 and 6401?
173
What is the greatest common factor of 10 and 1425945?
5
Calculate the greatest common divisor of 1768 and 10387546.
26
Calculate the greatest common divisor of 154410157 and 1331.
121
What is the greatest common divisor of 64024 and 240196?
212
Calculate the highest common factor of 768 and 694839.
3
Calculate the greatest common factor of 66 and 97335502.
22
What is the highest common factor of 423625288 and 376?
376
What is the highest common factor of 234 and 103051?
13
Calculate the highest common factor of 1653726 and 248.
62
Calculate the highest common factor of 13216 and 30400281.
59
What is the greatest common divisor of 15975 and 4475?
25
What is the highest common divisor of 7046871 and 431149?
1789
What is the highest common factor of 227750485 and 1175?
235
What is the greatest common divisor of 266 and 18899118?
14
What is the highest common factor of 520739 and 14574841?
5851
What is the highest common divisor of 23 and 76319129?
23
What is the highest common divisor of 3472 and 88589816?
1736
What is the highest common factor of 1290 and 14035200?
1290
Calculate the greatest common divisor of 7552671 and 483.
483
Calculate the greatest common divisor of 6174 and 360864.
126
Calculate the greatest common divisor of 48060 and 550778280.
5340
Calculate the highest common divisor of 128 and 70302048.
32
What is the highest common divisor of 7975338 and 546?
42
Calculate the highest common factor of 293122 and 4941570.
2594
Calculate the greatest common factor of 3334507 and 1.
1
Calculate the highest common factor of 320 and 125932680.
40
Calculate the greatest common factor of 21 and 24928176.
21
What is the greatest common divisor of 8268469 and 6025?
241
Calculate the greatest common divisor of 122184 and 2952.
72
What is the highest common divisor of 1945317 and 621?
69
Calculate the highest common factor of 24837555 and 15645.
2235
What is the